at is the remainder when 120505 is divided by 669?
85
What is the remainder when 118019 is divided by 58953?
113
What is the remainder when 3569704 is divided by 494?
60
What is the remainder when 8987496 is divided by 25?
21
What is the remainder when 768837 is divided by 122?
115
What is the remainder when 312578521 is divided by 873?
871
What is the remainder when 26497554 is divided by 124?
118
What is the remainder when 341995268 is divided by 231?
230
Calculate the remainder when 3418799 is divided by 156.
59
Calculate the remainder when 1577192 is divided by 3.
2
Calculate the remainder when 213870 is divided by 3621.
231
What is the remainder when 795701 is divided by 2725?
1
Calculate the remainder when 442384 is divided by 864.
16
What is the remainder when 5247145 is divided by 2669?
2560
Calculate the remainder when 3937171 is divided by 74.
1
Calculate the remainder when 16134288 is divided by 1344523.
12
What is the remainder when 115434831 is divided by 465463?
7
What is the remainder when 95140 is divided by 65?
45
What is the remainder when 502097 is divided by 1268?
1237
What is the remainder when 415633938 is divided by 5?
3
What is the remainder when 664940 is divided by 70?
10
What is the remainder when 107910 is divided by 99?
0
What is the remainder when 3116391 is divided by 3116337?
54
Calculate the remainder when 57127 is divided by 10942.
2417
Calculate the remainder when 4187619 is divided by 267.
258
Calculate the remainder when 163776 is divided by 700.
676
Calculate the remainder when 14886934 is divided by 314.
194
Calculate the remainder when 15307 is divided by 3793.
135
What is the remainder when 5708374 is divided by 67955?
154
Calculate the remainder when 1013707 is divided by 571.
182
What is the remainder when 512363 is divided by 256161?
41
What is the remainder when 5229260 is divided by 188?
40
What is the remainder when 12228 is divided by 647?
582
Calculate the remainder when 4761532 is divided by 467.
0
Calculate the remainder when 324009 is divided by 323798.
211
Calculate the remainder when 194558 is divided by 47787.
3410
Calculate the remainder when 173335 is divided by 86666.
3
Calculate the remainder when 12824434 is divided by 103.
7
What is the remainder when 34814088 is divided by 153?
9
What is the remainder when 9107 is divided by 199?
152
Calculate the remainder when 120688694 is divided by 8901.
35
What is the remainder when 679377 is divided by 135710?
827
What is the remainder when 201952 is divided by 162?
100
Calculate the remainder when 563472 is divided by 56347.
2
Calculate the remainder when 13724620 is divided by 13724512.
108
What is the remainder when 65002460 is divided by 917?
915
Calculate the remainder when 232701 is divided by 1636.
389
What is the remainder when 27076486 is divided by 13538238?
10
What is the remainder when 109735 is divided by 126?
115
What is the remainder when 74153568 is divided by 436?
432
What is the remainder when 5900290 is divided by 204?
202
Calculate the remainder when 228163 is divided by 129.
91
What is the remainder when 107774146 is divided by 145?
141
Calculate the remainder when 1982802 is divided by 6139.
6044
Calculate the remainder when 515073 is divided by 88.
9
What is the remainder when 14683308 is divided by 141?
132
Calculate the remainder when 909287 is divided by 909271.
16
What is the remainder when 193470 is divided by 27493?
1019
Calculate the remainder when 58673 is divided by 58623.
50
Calculate the remainder when 587812 is divided by 1951.
561
Calculate the remainder when 212798 is divided by 11723.
1784
What is the remainder when 333317 is divided by 166407?
503
What is the remainder when 3047408 is divided by 761746?
424
Calculate the remainder when 3375400 is divided by 19.
12
What is the remainder when 476795 is divided by 10?
5
Calculate the remainder when 407760 is divided by 68.
32
What is the remainder when 358166 is divided by 154?
116
Calculate the remainder when 101382 is divided by 284.
278
Calculate the remainder when 73176683 is divided by 73.
23
What is the remainder when 5580568 is divided by 2114?
1722
What is the remainder when 5079973 is divided by 24?
13
Calculate the remainder when 3643225 is divided by 1821600.
25
Calculate the remainder when 2437973 is divided by 1001.
538
What is the remainder when 5097921 is divided by 782?
63
What is the remainder when 106574 is divided by 35480?
134
What is the remainder when 276550 is divided by 2910?
100
What is the remainder when 101057084 is divided by 45?
44
What is the remainder when 4307189 is divided by 42227?
35
Calculate the remainder when 21591176 is divided by 474.
2
What is the remainder when 14202058 is divided by 492?
478
What is the remainder when 46861208 is divided by 22?
20
Calculate the remainder when 89630 is divided by 12791.
93
What is the remainder when 36614269 is divided by 14?
13
What is the remainder when 522296 is divided by 2783?
1875
Calculate the remainder when 31253 is divided by 31227.
26
Calculate the remainder when 640452 is divided by 148.
56
Calculate the remainder when 340793 is divided by 37768.
881
Calculate the remainder when 88283 is divided by 27729.
5096
What is the remainder when 17229010 is divided by 40?
10
Calculate the remainder when 977388139 is divided by 48.
43
What is the remainder when 4117998 is divided by 179041?
55
Calculate the remainder when 100238 is divided by 1735.
1343
Calculate the remainder when 10758065 is divided by 32018.
17
Calculate the remainder when 1862616 is divided by 11.
8
What is the remainder when 1900945 is divided by 9788?
2073
What is the remainder when 3618099 is divided by 164457?
45
Calculate the remainder when 119632 is divided by 1246.
16
Calculate the remainder when 190593 is divided by 955.
548
What is the remainder when 672253634 is divided by 11?
8
Calculate the remainder when 37727762 is divided by 52.
46
What is the remainder when 47031962 is divided by 282?
2
What is the remainder when 4594561 is divided by 10?
1
Calculate the remainder when 19309 is divided by 2233.
1445
Calculate the remainder when 546533490 is divided by 26.
22
Calculate the remainder when 6901519 is divided by 17.
12
What is the remainder when 570972 is divided by 7?
3
What is the remainder when 48326005 is divided by 157?
149
What is the remainder when 1364953 is divided by 60?
13
What is the remainder when 45581 is divided by 43353?
2228
What is the remainder when 1096701 is divided by 56?
53
Calculate the remainder when 194015 is divided by 217.
17
What is the remainder when 67049 is divided by 7952?
3433
What is the remainder when 1428448 is divided by 284912?
3888
What is the remainder when 7309111 is divided by 2561?
17
What is the remainder when 39378199 is divided by 982?
981
What is the remainder when 2784585 is divided by 4441?
78
What is the remainder when 341567 is divided by 910?
317
Calculate the remainder when 1377490 is divided by 99.
4
Calculate the remainder when 52308 is divided by 1676.
352
What is the remainder when 247272225 is divided by 12?
9
Calculate the remainder when 8336 is divided by 270.
236
What is the remainder when 1502245 is divided by 4?
1
What is the remainder when 21754919 is divided by 912?
71
What is the remainder when 1696403013 is divided by 5159?
5156
What is the remainder when 18674 is divided by 2331?
26
What is the remainder when 756826 is divided by 756704?
122
What is the remainder when 233643 is divided by 38756?
1107
What is the remainder when 23735253 is divided by 1130250?
3
Calculate the remainder when 33795248 is divided by 186.
164
What is the remainder when 139899786 is divided by 349?
344
Calculate the remainder when 20690 is divided by 2954.
12
Calculate the remainder when 57184432 is divided by 12753.
12733
What is the remainder when 17915809 is divided by 862?
1
Calculate the remainder when 418887 is divided by 58.
11
What is the remainder when 4724827 is divided by 2235?
37
Calculate the remainder when 35184493 is divided by 915.
913
What is the remainder when 1069850 is divided by 356604?
38
Calculate the remainder when 23916595 is divided by 12.
7
Calculate the remainder when 83341 is divided by 1276.
401
What is the remainder when